is the remainder when 236447 is divided by 864?
575
Calculate the remainder when 1859659 is divided by 44.
43
Calculate the remainder when 248729 is divided by 14621.
172
What is the remainder when 896577 is divided by 811?
422
Calculate the remainder when 3508311 is divided by 4.
3
What is the remainder when 1561156 is divided by 780422?
312
Calculate the remainder when 1270761 is divided by 254150.
11
What is the remainder when 57745 is divided by 3428?
2897
What is the remainder when 34330 is divided by 34253?
77
What is the remainder when 2312137 is divided by 462401?
132
What is the remainder when 904100 is divided by 543?
5
What is the remainder when 5812666 is divided by 20?
6
Calculate the remainder when 628937 is divided by 209406.
719
What is the remainder when 221981 is divided by 45?
41
What is the remainder when 150468608 is divided by 430?
428
Calculate the remainder when 376431 is divided by 188198.
35
What is the remainder when 485197 is divided by 53794?
1051
What is the remainder when 23357698 is divided by 283?
10
What is the remainder when 43565 is divided by 540?
365
What is the remainder when 55320315 is divided by 176?
171
Calculate the remainder when 6346562 is divided by 254.
118
Calculate the remainder when 591074 is divided by 2368.
1442
What is the remainder when 544766 is divided by 64?
62
What is the remainder when 108901 is divided by 11978?
1099
Calculate the remainder when 8169978 is divided by 4253.
4218
What is the remainder when 167907 is divided by 2333?
2264
Calculate the remainder when 12568835 is divided by 27.
11
Calculate the remainder when 624374 is divided by 3245.
1334
Calculate the remainder when 27567743 is divided by 2627.
5
Calculate the remainder when 312372 is divided by 5292.
144
What is the remainder when 2577223 is divided by 859072?
7
Calculate the remainder when 1315077 is divided by 875.
827
What is the remainder when 8652373 is divided by 80114?
61
What is the remainder when 5116915 is divided by 53?
30
Calculate the remainder when 87327650 is divided by 4851535.
20
Calculate the remainder when 443814 is divided by 8702.
12
Calculate the remainder when 333708 is divided by 1265.
1013
What is the remainder when 42243676 is divided by 18?
16
What is the remainder when 2018109 is divided by 2529?
2496
Calculate the remainder when 92464307 is divided by 108.
107
What is the remainder when 365705189 is divided by 5212?
5209
Calculate the remainder when 671654 is divided by 1423.
1421
What is the remainder when 1111999 is divided by 148?
75
What is the remainder when 4481 is divided by 2179?
123
Calculate the remainder when 55962 is divided by 346.
256
What is the remainder when 495687 is divided by 294?
3
What is the remainder when 2088466 is divided by 85?
16
What is the remainder when 4546 is divided by 1531?
1484
What is the remainder when 132997 is divided by 1057?
872
Calculate the remainder when 5356484 is divided by 669559.
12
What is the remainder when 15793211 is divided by 6162?
5
Calculate the remainder when 1563485 is divided by 8.
5
What is the remainder when 1443147981 is divided by 48?
45
Calculate the remainder when 10059543 is divided by 2011903.
28
Calculate the remainder when 128059 is divided by 220.
19
What is the remainder when 441121 is divided by 714?
583
What is the remainder when 2106484 is divided by 32407?
29
Calculate the remainder when 156402 is divided by 3128.
2
Calculate the remainder when 2423440 is divided by 346198.
54
What is the remainder when 3953621 is divided by 247100?
21
What is the remainder when 91073 is divided by 895?
678
Calculate the remainder when 203300 is divided by 820.
760
Calculate the remainder when 2001203 is divided by 5308.
87
Calculate the remainder when 262115071 is divided by 24.
7
Calculate the remainder when 845469 is divided by 109.
65
What is the remainder when 2107177 is divided by 827?
808
What is the remainder when 15973374 is divided by 1597335?
24
Calculate the remainder when 14918030 is divided by 4972675.
5
What is the remainder when 2939800 is divided by 489959?
46
Calculate the remainder when 131835 is divided by 928.
59
Calculate the remainder when 236351 is divided by 3433.
2907
Calculate the remainder when 995712821 is divided by 46.
41
Calculate the remainder when 412632 is divided by 2172.
2124
Calculate the remainder when 633445 is divided by 158343.
73
What is the remainder when 5104 is divided by 2146?
812
Calculate the remainder when 56774 is divided by 1680.
1334
What is the remainder when 13552033 is divided by 6793?
6791
What is the remainder when 3343550 is divided by 1671766?
18
Calculate the remainder when 279826 is divided by 12128.
882
Calculate the remainder when 510572 is divided by 56678.
470
What is the remainder when 15491153 is divided by 6?
5
What is the remainder when 54794 is divided by 13636?
250
Calculate the remainder when 413581 is divided by 909.
895
What is the remainder when 35154591 is divided by 43?
27
Calculate the remainder when 1783521 is divided by 798.
789
What is the remainder when 511935 is divided by 1657?
1579
Calculate the remainder when 412435572 is divided by 1056.
1044
Calculate the remainder when 396300 is divided by 69.
33
Calculate the remainder when 8728 is divided by 1149.
685
What is the remainder when 360465968 is divided by 87?
86
Calculate the remainder when 10118906 is divided by 69784.
226
What is the remainder when 771444 is divided by 1244?
164
What is the remainder when 55105987 is divided by 605560?
27
Calculate the remainder when 11794297 is divided by 7267.
7223
Calculate the remainder when 70413022 is divided by 132.
130
What is the remainder when 34356 is divided by 354?
18
Calculate the remainder when 10698449 is divided by 668652.
17
Calculate the remainder when 216113229 is divided by 57.
9
What is the remainder when 4015174 is divided by 8?
6
What is the remainder when 3162954 is divided by 389?
384
What is the remainder when 12477 is divided by 10918?
1559
What is the remainder when 95832 is divided by 13329?
2529
What is the remainder when 1925897 is divided by 26?
25
Calculate the remainder when 3039403 is divided by 3381.
3265
Calculate the remainder when 52398 is divided by 1443.
450
What is the remainder when 29062202 is divided by 319?
26
What is the remainder when 13127309 is divided by 1356?
1229
Calculate the remainder when 3552898 is divided by 102.
34
What is the remainder when 327897694 is divided by 32?
30
Calculate the remainder when 2460201 is divided by 1998.
663
Calculate the remainder when 93423333 is divided by 62.
59
What is the remainder when 1859986 is divided by 10568?
18
Calculate the remainder when 15257884 is divided by 32.
28
Calculate the remainder when 1435962 is divided by 1562.
484
What is the remainder when 3072177 is divided by 533?
498
What is the remainder when 7653 is divided by 319?
316
What is the remainder when 21463775 is divided by 10731886?
3
What is the remainder when 49755203 is divided by 2487759?
23
Calculate the remainder when 41080 is divided by 8207.
45
What is the remainder when 77367464 is divided by 237?
236
Calculate the remainder when 54827922 is divided by 619.
616
What is the remainder when 10106230 is divided by 2437?
2428
What is the remainder when 259173 is divided by 5183?
23
What is the remainder when 4695323 is divided by 343?
339
Calculate the remainder when 9557629 is divided by 1910.
1899
Calculate the remainder when 38642250 is divided by 17251.
10
Calculate the remainder when 570165 is divided by 2536.
2101
What is the remainder when 102167 is divided by 1343?
99
Calculate the remainder when 2258112 is divided by 5702.
120
Calculate the remainder when 3268879 is divided by 335.
284
Calculate the remainder when 770913 is divided by 285.
273
What is the remainder when 5463268 is divided by 661?
103
Calculate the remainder when 9800250 is divided by 2068.
2066
Calculate the remainder when 4760207 is divided by 265.
12
Calculate the remainder when 6083881 is divided by 8947.
8868
Calculate the remainder when 122058 is divided by 722.
40
What is the remainder when 40958788 is divided by 113?
17
What is the remainder when 414199 is divided by 3332?
1031
Calculate the remainder when 